{"id":87,"date":"2019-02-11T10:07:55","date_gmt":"2019-02-11T09:07:55","guid":{"rendered":"http:\/\/business.schuch.co.at\/?page_id=87"},"modified":"2020-02-21T11:19:56","modified_gmt":"2020-02-21T10:19:56","slug":"kraeuter","status":"publish","type":"page","link":"https:\/\/www.biohof-schuch.at\/?page_id=87","title":{"rendered":"Kr\u00e4uter"},"content":{"rendered":"<h4><strong>BIO-Kr\u00e4uter und<\/strong> Kr\u00e4uterprodukte<\/h4>\n<p>Auf unseren Feldern wachsen seit 2019 BIO-Kr\u00e4uter. Dabei konzentrieren wir uns auf K\u00fcchen- und Teekr\u00e4uter bzw. Gew\u00fcrze, die wir frisch und getrocknet, einzeln aber auch als fertige Mischungen anbieten.<\/p>\n","protected":false},"excerpt":{"rendered":"<p>BIO-Kr\u00e4uter und Kr\u00e4uterprodukte Auf unseren Feldern wachsen seit 2019 BIO-Kr\u00e4uter. Dabei konzentrieren wir uns auf K\u00fcchen- und Teekr\u00e4uter bzw. Gew\u00fcrze, die wir frisch und getrocknet, einzeln aber auch als fertige Mischungen anbieten.<\/p>\n","protected":false},"author":1,"featured_media":0,"parent":0,"menu_order":0,"comment_status":"closed","ping_status":"closed","template":"","meta":{"footnotes":""},"class_list":["post-87","page","type-page","status-publish","hentry"],"_links":{"self":[{"href":"https:\/\/www.biohof-schuch.at\/index.php?rest_route=\/wp\/v2\/pages\/87","targetHints":{"allow":["GET"]}}],"collection":[{"href":"https:\/\/www.biohof-schuch.at\/index.php?rest_route=\/wp\/v2\/pages"}],"about":[{"href":"https:\/\/www.biohof-schuch.at\/index.php?rest_route=\/wp\/v2\/types\/page"}],"author":[{"embeddable":true,"href":"https:\/\/www.biohof-schuch.at\/index.php?rest_route=\/wp\/v2\/users\/1"}],"replies":[{"embeddable":true,"href":"https:\/\/www.biohof-schuch.at\/index.php?rest_route=%2Fwp%2Fv2%2Fcomments&post=87"}],"version-history":[{"count":3,"href":"https:\/\/www.biohof-schuch.at\/index.php?rest_route=\/wp\/v2\/pages\/87\/revisions"}],"predecessor-version":[{"id":239,"href":"https:\/\/www.biohof-schuch.at\/index.php?rest_route=\/wp\/v2\/pages\/87\/revisions\/239"}],"wp:attachment":[{"href":"https:\/\/www.biohof-schuch.at\/index.php?rest_route=%2Fwp%2Fv2%2Fmedia&parent=87"}],"curies":[{"name":"wp","href":"https:\/\/api.w.org\/{rel}","templated":true}]}}